{"id":3713,"date":"2020-10-02T08:19:49","date_gmt":"2020-10-02T15:19:49","guid":{"rendered":"https:\/\/wallskors.com\/gamedev\/?page_id=3713"},"modified":"2022-06-21T05:29:19","modified_gmt":"2022-06-21T12:29:19","slug":"le-studio","status":"publish","type":"page","link":"https:\/\/wallskors.com\/gamedev\/le-studio\/","title":{"rendered":"Le Studio"},"content":{"rendered":"<p>[vc_row full_width=&#8221;stretch_row_content_no_spaces&#8221; uniqid=&#8221;5df887aa9220a&#8221;][vc_column]    <div class=\"banner-area banner-area-5df8889db775c with-social-links\">\n              <div class=\"social-links\">\n          <a href=\"https:\/\/www.facebook.com\/wallskors\/\" target=\"_self\"><i class=\"fab fa-facebook-f\"><\/i><\/a><a href=\"https:\/\/www.linkedin.com\/company\/51724563\/\" target=\"_self\"><i class=\"fab fa-linkedin-in\"><\/i><\/a><a href=\"https:\/\/twitter.com\/wallskors\" target=\"_self\"><i class=\"fab fa-twitter\"><\/i><\/a>        <\/div>\n            <div class=\"banner-item tal\" style=\"\">\n        \n    \n    <div class=\"bg-overlay\">                        <div class=\"image\" style=\"background-image: url(https:\/\/wallskors.com\/gamedev\/wp-content\/uploads\/2020\/01\/wallhaven-6k7yxq-scaled.jpg)\"><\/div>\n                  <\/div>        <div class=\"container\">\n          <div class=\"row fixed-height\" style=\"min-height: 770px;\">\n                        <div class=\"col-auto\">\n                              <div class=\"heading-block tal with-decor-block-style2\">\n                                      <div class=\"h h2\">La Passion du d\u00e9veloppement<br \/>\nest dans notre Studio<\/div>\n                                  <\/div>\n                              <div class=\"text\">Nous vous pr\u00e9sentons les diff\u00e9rents modes de fonctionnement de notre studio, les membres de l'\u00e9quipe et les \u00e9v\u00e9nements que nous organisons.<\/div>\n                          <\/div>\n          <\/div>\n        <\/div>\n      <\/div>\n    <\/div>\n    [\/vc_column][\/vc_row][vc_row content_placement=&#8221;middle&#8221; uniqid=&#8221;5de8f1267e941&#8243; css=&#8221;{&#8220;mobile_portrait&#8220;: {&#8220;margin-top&#8220;: &#8220;110&#8220;,&#8220;margin-bottom&#8220;: &#8220;30&#8220;,&#8220;undefined&#8220;: &#8220;Clear&#8220;},&#8220;mobile_landscape&#8220;: {&#8220;undefined&#8220;: &#8220;Clear&#8220;},&#8220;tablet_portrait&#8220;: {&#8220;undefined&#8220;: &#8220;Clear&#8220;},&#8220;tablet_landscape&#8220;: {&#8220;undefined&#8220;: &#8220;Clear&#8220;},&#8220;desktop&#8220;: {&#8220;undefined&#8220;: &#8220;Clear&#8220;}}&#8221;][vc_column width=&#8221;1\/2&#8243; offset=&#8221;vc_col-lg-5&#8243; uniqid=&#8221;5de8f7db729f1&#8243;]      <div class=\"heading-block heading-5de8efdad83c5 tal h-h3  wpb_animate_when_almost_visible wpb_fadeInDown fadeInDown\">\n                  <h3 class=\"h\">Une Studio de valeurs<br \/>\net d'esprit d'\u00e9quipe.<\/h3>\n              <\/div>\n    [vc_column_text css_animation=&#8221;fadeInDown&#8221; el_class=&#8221;text-t1&#8243; uniqid=&#8221;5de8f00418494&#8243;]L&#8217;id\u00e9e de cr\u00e9er une division de d\u00e9veloppement de jeux vid\u00e9o est n\u00e9e en 2018 \u00e0 l&#8217;Universit\u00e9 du Qu\u00e9bec \u00e0 Chicoutimi. C&#8217;est l\u00e0 que nous avons appris \u00e0 faire des jeux vid\u00e9o et d&#8217;autres projets informatiques. Cependant, c&#8217;est au cours de la pratique et de la r\u00e9alisation de jeu qu&#8217;est apparu le d\u00e9sir d&#8217;en faire plus et de le partager avec une communaut\u00e9 grandissante.<\/p>\n<p>Ainsi, le studio Wallskors est bas\u00e9 sur les valeurs \u00e9mergentes des \u00e9tudiants, et engage le respect mais aussi le plaisir et le travail d&#8217;\u00e9quipe ! C&#8217;est gr\u00e2ce \u00e0 la passion que nos jeux prennent vie, et la soci\u00e9t\u00e9 veut garder cela \u00e0 l&#8217;esprit dans chacun de ses projets.[\/vc_column_text]      <div class=\"button-container button-5de8f05015bdf left\">\n        <a class=\"button-style2\" href=\"http:\/\/www.uqac.ca\" target=\"_blank\">\n                    <span>Site UQAC<\/span>\n        <\/a>\n      <\/div>\n    [\/vc_column][vc_column width=&#8221;1\/2&#8243; offset=&#8221;vc_col-lg-offset-1&#8243; uniqid=&#8221;5de8f7e73d809&#8243;][vc_single_image image=&#8221;3845&#8243; img_size=&#8221;large&#8221; alignment=&#8221;center&#8221;][\/vc_column][\/vc_row][vc_row content_placement=&#8221;middle&#8221; css=&#8221;{&#8220;mobile_portrait&#8220;: {&#8220;margin-top&#8220;: &#8220;30&#8220;,&#8220;margin-bottom&#8220;: &#8220;90&#8220;,&#8220;undefined&#8220;: &#8220;Clear&#8220;},&#8220;mobile_landscape&#8220;: {&#8220;undefined&#8220;: &#8220;Clear&#8220;},&#8220;tablet_portrait&#8220;: {&#8220;undefined&#8220;: &#8220;Clear&#8220;},&#8220;tablet_landscape&#8220;: {&#8220;undefined&#8220;: &#8220;Clear&#8220;},&#8220;desktop&#8220;: {&#8220;undefined&#8220;: &#8220;Clear&#8220;}}&#8221;][vc_column width=&#8221;1\/2&#8243; offset=&#8221;vc_col-lg-offset-1&#8243;][vc_single_image image=&#8221;3840&#8243; img_size=&#8221;large&#8221; alignment=&#8221;center&#8221;][\/vc_column][vc_column width=&#8221;1\/2&#8243; offset=&#8221;vc_col-lg-5&#8243;]      <div class=\"heading-block heading-69dee322d6ee4 tal h-h3  wpb_animate_when_almost_visible wpb_fadeInDown fadeInDown\">\n                  <h3 class=\"h\">D\u00e9m\u00e9nagement du Studio \u00e0 Montpellier<\/h3>\n              <\/div>\n    [vc_column_text css_animation=&#8221;fadeInDown&#8221; el_class=&#8221;text-t1&#8243; uniqid=&#8221;62b1ab1b9d5cc&#8221;]Rentr\u00e9 en France en 2021, Wallskors Studio a pris de nouvelles directions et s&#8217;est orient\u00e9 vers le march\u00e9 du jeu vid\u00e9o en Europe. La localisation n&#8217;\u00e9tant pas un probl\u00e8me pour continuer \u00e0 d\u00e9velopper des jeux, l&#8217;administration de l&#8217;entreprise a redirig\u00e9 tout ses pavillons afin de pouvoir soutenir les \u00e9v\u00e8nements locaux et aider au d\u00e9veloppement de l&#8217;industrie dans le pays.[\/vc_column_text][\/vc_column][\/vc_row][vc_row css=&#8221;{&#8220;mobile_portrait&#8220;: {&#8220;margin-bottom&#8220;: &#8220;100&#8220;,&#8220;undefined&#8220;: &#8220;Clear&#8220;},&#8220;mobile_landscape&#8220;: {&#8220;undefined&#8220;: &#8220;Clear&#8220;},&#8220;tablet_portrait&#8220;: {&#8220;undefined&#8220;: &#8220;Clear&#8220;},&#8220;tablet_landscape&#8220;: {&#8220;undefined&#8220;: &#8220;Clear&#8220;},&#8220;desktop&#8220;: {&#8220;undefined&#8220;: &#8220;Clear&#8220;}}&#8221; uniqid=&#8221;5def75d5a7bf0&#8243;][vc_column]      <div class=\"heading-block heading-5def72e3d2dd2 tal h-h3\">\n                  <h3 class=\"h\">Notre \u00c9quipe<\/h3>\n              <\/div>\n        <div class=\"team-block team-carousel-5f6f5095ac21f\">\n              <div class=\"nav-arrows\">\n          <div class=\"prev base-icon-back\"><\/div>\n          <div class=\"next base-icon-next-1\"><\/div>\n        <\/div>\n            <div class=\"swiper-container\">\n        <div class=\"swiper-wrapper\">\n              <div class=\"team-item swiper-slide team-item-5def6e44bcbab\">\n      <div class=\"avatar\" style=\"background-image: url(https:\/\/wallskors.com\/gamedev\/wp-content\/uploads\/2020\/01\/Hacker.jpg);\">\n                  <a class=\"link\" href=\"#\" target=\"_self\">View Profile<\/a>\n              <\/div>\n      <div class=\"bottom\">\n                <div class=\"name\">Baptiste Rpn<\/div>\n                <div class=\"social-links\"><a href=\"#\" target=\"_self\"><i class=\"base-icon-instagram-social-network-logo-of-photo-camera\"><\/i><\/a><a href=\"#\" target=\"_self\"><i class=\"fab fa-twitter\"><\/i><\/a><a href=\"#\" target=\"_self\"><i class=\"fab fa-facebook-f\"><\/i><\/a><\/div>\n      <\/div>\n    <\/div>\n        <div class=\"team-item swiper-slide team-item-5def6e906de42\">\n      <div class=\"avatar\" style=\"background-image: url(https:\/\/wallskors.com\/gamedev\/wp-content\/uploads\/2019\/12\/551686.png);\">\n                  <a class=\"link\" href=\"#\" target=\"_self\">View Profile<\/a>\n              <\/div>\n      <div class=\"bottom\">\n                <div class=\"name\">Place Disponible<\/div>\n                <div class=\"social-links\"><a href=\"#\" target=\"_self\"><i class=\"base-icon-instagram-social-network-logo-of-photo-camera\"><\/i><\/a><a href=\"#\" target=\"_self\"><i class=\"fab fa-twitter\"><\/i><\/a><a href=\"#\" target=\"_self\"><i class=\"fab fa-facebook-f\"><\/i><\/a><\/div>\n      <\/div>\n    <\/div>\n        <div class=\"team-item swiper-slide team-item-5def6e9a57187\">\n      <div class=\"avatar\" style=\"background-image: url(https:\/\/wallskors.com\/gamedev\/wp-content\/uploads\/2019\/12\/gabriel-punsalang-weaponized-waifu-x.jpg);\">\n                  <a class=\"link\" href=\"#\" target=\"_self\">View Profile<\/a>\n              <\/div>\n      <div class=\"bottom\">\n                <div class=\"name\">Place Disponible<\/div>\n                <div class=\"social-links\"><a href=\"#\" target=\"_self\"><i class=\"base-icon-instagram-social-network-logo-of-photo-camera\"><\/i><\/a><a href=\"#\" target=\"_self\"><i class=\"fab fa-twitter\"><\/i><\/a><a href=\"#\" target=\"_self\"><i class=\"fab fa-facebook-f\"><\/i><\/a><\/div>\n      <\/div>\n    <\/div>\n            <\/div>\n      <\/div>\n    <\/div>\n    [\/vc_column][\/vc_row][vc_row css=&#8221;{&#8220;mobile_portrait&#8220;: {&#8220;padding-bottom&#8220;: &#8220;55&#8220;,&#8220;undefined&#8220;: &#8220;Clear&#8220;},&#8220;mobile_landscape&#8220;: {&#8220;undefined&#8220;: &#8220;Clear&#8220;},&#8220;tablet_portrait&#8220;: {&#8220;undefined&#8220;: &#8220;Clear&#8220;},&#8220;tablet_landscape&#8220;: {&#8220;undefined&#8220;: &#8220;Clear&#8220;},&#8220;desktop&#8220;: {&#8220;undefined&#8220;: &#8220;Clear&#8220;}}&#8221; uniqid=&#8221;5df8978e2b33b&#8221;][vc_column]      <div class=\"heading-block heading-5e13ac8f51a8c tal h-h3\">\n                  <h3 class=\"h\">Rejoignez notre \u00e9quipe !<\/h3>\n              <\/div>\n          <div class=\"streams-block filter-block streams-block-5def3aabf04c6\">\n                <div class=\"load-wrap isotope\">\n              <div class=\"stream-item event-box istp-item stream-5def3aca1ae7b\">\n      <div class=\"wrap\">\n                  <div class=\"image\"><div style=\"background-image: url(https:\/\/wallskors.com\/gamedev\/wp-content\/uploads\/2020\/01\/wallhaven-kwr321.jpg);\"><\/div><\/div>\n                <div class=\"content\">\n                      <div class=\"heading\">\n              Vous voulez faire des graphismes dans nos jeux vid\u00e9o (Artiste 2D\/3D)            <\/div>\n                  <\/div>\n      <\/div>\n              <div class=\"links\">\n                  <\/div>\n          <\/div>\n        <div class=\"stream-item event-box istp-item stream-5def3b199ea50\">\n      <div class=\"wrap\">\n                  <div class=\"image\"><div style=\"background-image: url(https:\/\/wallskors.com\/gamedev\/wp-content\/uploads\/2020\/01\/138592-sky-purple-python-text-darkness-3840x2160-1-scaled.jpg);\"><\/div><\/div>\n                <div class=\"content\">\n                      <div class=\"heading\">\n              Vous voulez faire de la programmation de jeux avec Unreal et Unity (C++, C# Programmer)            <\/div>\n                  <\/div>\n      <\/div>\n              <div class=\"links\">\n                  <\/div>\n          <\/div>\n        <div class=\"stream-item event-box istp-item stream-5def3b45dd062\">\n      <div class=\"wrap\">\n                  <div class=\"image\"><div style=\"background-image: url(https:\/\/wallskors.com\/gamedev\/wp-content\/uploads\/2020\/01\/728101.png);\"><\/div><\/div>\n                <div class=\"content\">\n                      <div class=\"heading\">\n              Vous voulez faire de la programmation d'interface (UI Programmer)            <\/div>\n                  <\/div>\n      <\/div>\n              <div class=\"links\">\n                  <\/div>\n          <\/div>\n        <div class=\"stream-item event-box istp-item stream-5def3b900e552\">\n      <div class=\"wrap\">\n                  <div class=\"image\"><div style=\"background-image: url(https:\/\/wallskors.com\/gamedev\/wp-content\/uploads\/2020\/01\/james-simmons-perimeterdroid-jamessimmons3.jpg);\"><\/div><\/div>\n                <div class=\"content\">\n                      <div class=\"heading\">\n              Vous aimez programmer l'intelligence artificielle dans les jeux            <\/div>\n                  <\/div>\n      <\/div>\n              <div class=\"links\">\n                  <\/div>\n          <\/div>\n        <div class=\"stream-item event-box istp-item stream-5def3ba9dfdc2\">\n      <div class=\"wrap\">\n                  <div class=\"image\"><div style=\"background-image: url(https:\/\/wallskors.com\/gamedev\/wp-content\/uploads\/2020\/01\/em-izam-main-thumbnail.jpg);\"><\/div><\/div>\n                <div class=\"content\">\n                      <div class=\"heading\">\n              Vous souhaitez concevoir des personnages et des environnements (Character Designer \/ Level Designer)            <\/div>\n                  <\/div>\n      <\/div>\n              <div class=\"links\">\n                  <\/div>\n          <\/div>\n            <\/div>\n              <\/div>\n    [\/vc_column][\/vc_row][vc_row][vc_column]      <div class=\"icon-box-block icon-box-block-5e150c3b406b9\">\n        <div class=\"row\">\n                <div class=\" col-12 col-md-4\">\n        <div class=\"icon-box icon-box-style-5e150d0bbb96b\">\n          <div class=\"wrap\">\n            <div class=\"icon fas fa-mug-hot\"><\/div>\n                          <h6 class=\"title\">Vous avez des projets dont vous souhaitez nous faire part ?<\/h6>\n                          <div class=\"desc\">Ne vous inqui\u00e9tez pas, nous sommes ici pour apprendre des autres aussi. Tout le monde est bienvenu pour partager ses projets de d\u00e9veloppement et de jeu vid\u00e9o autour d'un caf\u00e9 !<\/div>\n                      <\/div>\n                  <\/div>\n      <\/div>\n          <div class=\" col-12 col-md-4\">\n        <div class=\"icon-box icon-box-style-5e150c43e96c6\">\n          <div class=\"wrap\">\n            <div class=\"icon fas fa-hand-point-right\"><\/div>\n                          <h6 class=\"title\">T'as le profil<\/h6>\n                          <div class=\"desc\">Nous serions heureux de faire votre connaissance et peut-\u00eatre de travailler ensemble \u00e0 l'avenir. Nous sommes ouverts \u00e0 tous les candidats motiv\u00e9s qui cherchent \u00e0 \u00eatre comp\u00e9tents dans leur domaine.<\/div>\n                      <\/div>\n                  <\/div>\n      <\/div>\n          <div class=\" col-12 col-md-4\">\n        <div class=\"icon-box icon-box-style-5e150d79c07ae\">\n          <div class=\"wrap\">\n            <div class=\"icon fas fa-broadcast-tower\"><\/div>\n                          <h6 class=\"title\">Vous cherchez \u00e0 agrandir votre r\u00e9seau<\/h6>\n                          <div class=\"desc\">Que ce soit pour \u00e9changer des contacts ou des connaissances, nous acceptons d\u00e9j\u00e0 de nombreux partenaires pour construire le r\u00e9seau Wallskors, rejoignez-nous si vous voulez faire un partenariat.<\/div>\n                      <\/div>\n                  <\/div>\n      <\/div>\n            <\/div>\n      <\/div>\n    [\/vc_column][\/vc_row]<\/p>\n","protected":false},"excerpt":{"rendered":"<p>[vc_row full_width=&#8221;stretch_row_content_no_spaces&#8221; uniqid=&#8221;5df887aa9220a&#8221;][vc_column][\/vc_column][\/vc_row][vc_row content_placement=&#8221;middle&#8221; uniqid=&#8221;5de8f1267e941&#8243; css=&#8221;{&#8220;mobile_portrait&#8220;: {&#8220;margin-top&#8220;: &#8220;110&#8220;,&#8220;margin-bottom&#8220;: &#8220;30&#8220;,&#8220;undefined&#8220;: &#8220;Clear&#8220;},&#8220;mobile_landscape&#8220;: {&#8220;undefined&#8220;: &#8220;Clear&#8220;},&#8220;tablet_portrait&#8220;: {&#8220;undefined&#8220;: &#8220;Clear&#8220;},&#8220;tablet_landscape&#8220;: {&#8220;undefined&#8220;: &#8220;Clear&#8220;},&#8220;desktop&#8220;: {&#8220;undefined&#8220;: &#8220;Clear&#8220;}}&#8221;][vc_column width=&#8221;1\/2&#8243; offset=&#8221;vc_col-lg-5&#8243; uniqid=&#8221;5de8f7db729f1&#8243;][vc_column_text css_animation=&#8221;fadeInDown&#8221; el_class=&#8221;text-t1&#8243; uniqid=&#8221;5de8f00418494&#8243;]L&#8217;id\u00e9e de cr\u00e9er une division de d\u00e9veloppement de jeux vid\u00e9o est n\u00e9e en 2018 \u00e0 l&#8217;Universit\u00e9 du Qu\u00e9bec \u00e0 Chicoutimi. C&#8217;est l\u00e0 que nous avons appris \u00e0 faire des jeux vid\u00e9o et [&hellip;]<\/p>\n","protected":false},"author":1,"featured_media":0,"parent":0,"menu_order":0,"comment_status":"closed","ping_status":"closed","template":"template-landing.php","meta":[],"_links":{"self":[{"href":"https:\/\/wallskors.com\/gamedev\/wp-json\/wp\/v2\/pages\/3713"}],"collection":[{"href":"https:\/\/wallskors.com\/gamedev\/wp-json\/wp\/v2\/pages"}],"about":[{"href":"https:\/\/wallskors.com\/gamedev\/wp-json\/wp\/v2\/types\/page"}],"author":[{"embeddable":true,"href":"https:\/\/wallskors.com\/gamedev\/wp-json\/wp\/v2\/users\/1"}],"replies":[{"embeddable":true,"href":"https:\/\/wallskors.com\/gamedev\/wp-json\/wp\/v2\/comments?post=3713"}],"version-history":[{"count":8,"href":"https:\/\/wallskors.com\/gamedev\/wp-json\/wp\/v2\/pages\/3713\/revisions"}],"predecessor-version":[{"id":3846,"href":"https:\/\/wallskors.com\/gamedev\/wp-json\/wp\/v2\/pages\/3713\/revisions\/3846"}],"wp:attachment":[{"href":"https:\/\/wallskors.com\/gamedev\/wp-json\/wp\/v2\/media?parent=3713"}],"curies":[{"name":"wp","href":"https:\/\/api.w.org\/{rel}","templated":true}]}}